rue
Is 19661 a prime number?
True
Is 30021 composite?
True
Is 34061 a prime number?
True
Is 718691 prime?
True
Is 34913 a composite number?
False
Is 38719 a composite number?
True
Is 282257 a prime number?
False
Is 2360069 a composite number?
False
Is 2669 prime?
False
Is 46919 a prime number?
True
Is 100237 prime?
True
Is 62921 a composite number?
False
Is 2749 composite?
False
Is 4987 prime?
True
Is 28115 a prime number?
False
Is 7061 composite?
True
Is 282589 a composite number?
False
Is 1544135 a prime number?
False
Is 9743 composite?
False
Is 8485 a composite number?
True
Is 234713 composite?
False
Is 75713 a composite number?
True
Is 201029 prime?
False
Is 4777 prime?
False
Is 368777 a prime number?
False
Is 45989 a prime number?
True
Is 4609 prime?
False
Is 16033 prime?
True
Is 1578043 a composite number?
False
Is 2076155 a prime number?
False
Is 9029 a composite number?
False
Is 100151 prime?
True
Is 4599211 prime?
False
Is 8383 prime?
False
Is 65101 a composite number?
False
Is 7369 composite?
False
Is 23591 a composite number?
True
Is 4679 a composite number?
False
Is 382753 prime?
False
Is 29551 composite?
True
Is 587953 a prime number?
False
Is 9271 a composite number?
True
Is 176191 a composite number?
False
Is 10315 a composite number?
True
Is 90583 composite?
False
Is 879213 a composite number?
True
Is 1678 prime?
False
Is 13829 a prime number?
True
Is 11579 composite?
False
Is 362521 a composite number?
False
Is 24707 a composite number?
True
Is 445 prime?
False
Is 41045 a composite number?
True
Is 14051 a prime number?
True
Is 45561 prime?
False
Is 26135 composite?
True
Is 743867 a composite number?
True
Is 2785879 composite?
False
Is 13709 a composite number?
False
Is 4327 a prime number?
True
Is 15793 composite?
True
Is 124427 prime?
True
Is 107891 composite?
True
Is 220841 composite?
False
Is 50821 prime?
True
Is 208457 composite?
False
Is 1247563 a prime number?
True
Is 1516513 a composite number?
False
Is 803893 prime?
True
Is 28027 a prime number?
True
Is 16163 a prime number?
False
Is 4081585 prime?
False
Is 22739 a composite number?
False
Is 116627 prime?
False
Is 8779 prime?
True
Is 32771 prime?
True
Is 26669 composite?
False
Is 287489 composite?
True
Is 153187 a composite number?
True
Is 119897 a composite number?
True
Is 788962 a composite number?
True
Is 193981 a prime number?
False
Is 164357 composite?
False
Is 32141 composite?
False
Is 97421 a prime number?
False
Is 887761 a composite number?
True
Is 25577 composite?
False
Is 5699 composite?
True
Is 308303 a composite number?
False
Is 507103 prime?
True
Is 58189 prime?
True
Is 8663 a prime number?
True
Is 27149 prime?
False
Is 3323597 a composite number?
False
Is 658187 composite?
False
Is 18013 a composite number?
False
Is 7503469 a composite number?
False
Is 475981 a composite number?
True
Is 58363 a prime number?
True
Is 129439 a prime number?
True
Is 65165 a prime number?
False
Is 13553 composite?
False
Is 136103 a composite number?
True
Is 11597 a composite number?
False
Is 14971 composite?
True
Is 1096471 a prime number?
False
Is 11369 a prime number?
True
Is 6738559 prime?
False
Is 381047 a prime number?
True
Is 20289 prime?
False
Is 272926 a prime number?
False
Is 3691 composite?
False
Is 2584367 a prime number?
True
Is 185883 a composite number?
True
Is 2462 a composite number?
True
Is 579809 a prime number?
True
Is 225073 prime?
False
Is 197431 prime?
False
Is 369359 a prime number?
False
Is 1443847 a prime number?
False
Is 76049 a composite number?
True
Is 38797 composite?
True
Is 65662 composite?
True
Is 121631 composite?
False
Is 159389 composite?
False
Is 4751 a composite number?
False
Is 68833 prime?
False
Is 549035 composite?
True
Is 511207 a composite number?
True
Is 3085 a composite number?
True
Is 24829 a prime number?
False
Is 471517 prime?
False
Is 1822495 prime?
False
Is 1595267 a prime number?
True
Is 36629 prime?
True
Is 271393 a prime number?
True
Is 693019 a composite number?
False
Is 174479 a prime number?
False
Is 2527009 prime?
True
Is 64243 composite?
True
Is 78899 a composite number?
True
Is 23849 a prime number?
False
Is 91527 a composite number?
True
Is 5873 prime?
False
Is 174281 a prime number?
True
Is 4934 a composite number?
True
Is 10327 a prime number?
False
Is 297901 composite?
True
Is 24841 composite?
False
Is 956543 composite?
True
Is 527327 a prime number?
True
Is 2498 a composite number?
True
Is 18897 a composite number?
True
Is 3251 a composite number?
False
Is 20579 prime?
False
Is 459643 prime?
False
Is 21921 composite?
True
Is 3649 composite?
True
Is 90521 a composite number?
True
Is 67723 composite?
False
Is 8717 a prime number?
False
Is 4047257 a composite number?
False
Is 21077 prime?
False
Is 355079 prime?
False
Is 2916145 composite?
True
Is 47899 a composite number?
True
Is 125441 a prime number?
True
Is 4861 composite?
False
Is 718541 a prime number?
True
Is 180413 a prime number?
True
Is 30443 prime?
False
Is 405487 prime?
True
Is 46223 a prime number?
False
Is 162551 a composite number?
True
Is 56113 prime?
True
Is 2237 prime?
True
Is 11383 a prime number?
True
Is 40453 a composite number?
True
Is 72305 composite?
True
Is 56193 composite?
True
Is 1522493 a composite number?
True
Is 62261 composite?
True
Is 191 prime?
True
Is 307 a prime number?
True
Is 60595 composite?
True
Is 29687 composite?
True
Is 10007 a composite number?
False
Is 371447 composite?
False
Is 8251 a composite number?
True
Is 6843 a prime number?
False
Is 37307 a prime number?
True
Is 964381 composite?
True
Is 262839 a prime number?
False
Is 25399 a composite number?
True
Is 13649 composite?
False
Is 1597 composite?
False
Is 20219 a composite number?
False
Is 3833 a prime number?
True
Is 843215 composite?
True
Is 18803 a composite number?
False
Is 319049 a composite number?
False
Is 734329 a prime number?
True
Is 12227 a prime number?
True
Is 417827 a composite number?
True
Is 32267 a prime number?
False
Is 439217 a composite number?
False
Is 66455 a prime number?
False
Is 4765 composite?
True
Is 653587 a composite number?
True
Is 491 prime?
True
Is 163697 a prime number?
True
Is 285002 a composite number?
True
Is 2086109 a composite number?
False
Is 26423 a composite number?
False
Is 337099 a composite number?
True
Is 497633 a composite number?
False
Is 68729 a composite number?
False
Is 7753 prime?
True
Is 1069 prime?
True
Is 865687 composite?
False
Is 51811 a composite number?
True
Is 373823 a composite number?
False
Is 221 composite?
True
Is 114803 a composite number?
True
Is 152147 composite?
False
Is 36373 a prime number?
True
Is 9458 a composite number?
True
Is 150139 prime?
False
Is 20693 prime?
True
Is 5371 composite?
True
Is 287461 a composite number?
True
Is 112831 a composite number?
False
Is 28051 prime?
True
Is 73417 composite?
False
Is 27439 composite?
True
Is 19231 a composite number?
False
Is 4073 a composite number?
False
Is 128981 a prime number?
True
Is 113195 composite?
True
Is 7369 composite?
False
Is 222707 prime?
True
Is 309503 a composite number?
False
Is 78079 a prime number?
True
Is 174953 prime?
False
Is 486431 a prime number?
False
Is 43819 composite?
True
Is 6239 a composite number?
True
Is 121843 prime?
True
Is 276581 prime?
True
Is 50663 a composite number?
True
Is 1704893 prime?
True
Is 331 prime?
True
Is 3112607 composite?
True
Is 208189 a composite number?
False
Is 22487 a composite number?
True
Is 135611 a prime number?
False
Is 19347 a composite number?
True
Is 1693 composite?
False
Is 190027 a composite number?
False
Is 428489 a composite number?
False
Is 1223 a prime number?
True
Is 486529 a prime number?
False
Is 7057 a composite number?
False
Is 965 a composite number?
True
Is 210297 a composite number?
True
Is 20287 composite?
False
Is 3817 a prime number?
False
Is 23521 prime?
False
Is 857899 a prime number?
False
Is 12011 a composite number?
False
Is 260137 composite?
False
Is 115147 a prime number?
False
Is 6893 prime?
False
Is 12143 a prime number?
True
Is 701 a prime number?
True
Is 187459 composite?
True
Is 1576457 composite?
True
Is 31873 a prime number?
True
Is 319349 prime?
False
Is 264289 composite?
False
Is 504767 prime?
True
Is 37537 a prime number?
True
Is 7827 composite?
True
Is 